{"id":74,"date":"2023-05-18T19:36:42","date_gmt":"2023-05-18T17:36:42","guid":{"rendered":"https:\/\/www.kazzerl.net\/kazzerls\/?post_type=product&#038;p=74"},"modified":"2025-12-19T10:04:03","modified_gmt":"2025-12-19T09:04:03","slug":"schmuckset-mit-amethystperlen-und-glasherzen","status":"publish","type":"product","link":"https:\/\/www.kazzerl.net\/kazzerls\/produkt\/schmuckset-mit-amethystperlen-und-glasherzen\/","title":{"rendered":"Schmuckset mit Amethystperlen und Glasherzen"},"content":{"rendered":"<p>Sch\u00f6nes Set bestehend aus einer Edelstahlgliederkette mit 6 Amethystperlen und einem Glasherz in der Mitte in violett und dazupassenden Ohrringen. Die Ohrringe sind gesamt 5,5cm lang und mit Edelstahlhaken.<br \/>\nDue Kette ist maximal ca. 47cm lang und durch die gro\u00dfen Glieder variabel zu tragen.<br \/>\nDurch liebevolle Handarbeit gefertigt ist dies ein Unikat.<\/p>\n<p>F\u00fcr jeden Anlass ein toller Blickfang am Dekollet\u00e9 jeder Frau! Als extravagantes und einzigartiges Accessoire oder auch als Mitbringsel.<\/p>\n<p>Um Deinen Schmuck f\u00fcr sehr lange Zeit wie neu aussehen zu lassen, empfehle ich Dir Folgendes:<br \/>\nNimm Deinen Schmuck ab, wenn du Sport machst, putzt, duschst, badest oder in Chlor- oder Salzwasser schwimmst.<\/p>\n<p>Wichtiges zur Schmuckpflege:<br \/>\n&#8211; Aufbewahrung am Besten im Schmuckk\u00e4stchen oder im mitgelieferten S\u00e4ckchen und nicht an feuchten Pl\u00e4tzen (Badezimmer)<br \/>\n&#8211; Direkten Kontakt zu Creme, Sprays und Parf\u00fcm meiden<br \/>\n&#8211; Chemikalien, starke Hitze oder Salzwasser und Chlor k\u00f6nnen den Schmuck sch\u00e4digen<br \/>\n&#8211; Beim Sport und Duschen den Schmuck lieber abnehmen<br \/>\n&#8211; Zur regelm\u00e4\u00dfigen Reinigung ein Wolltuch verwenden<\/p>\n","protected":false},"excerpt":{"rendered":"<p>Sch\u00f6nes Set bestehend aus einer Edelstahlgliederkette mit 6 Amethystperlen und einem Glasherz in der Mitte in violett und dazupassenden Ohrringen. Die Ohrringe sind gesamt 5,5cm lang und mit Edelstahlhaken. Due Kette ist maximal ca. 47cm lang und durch die gro\u00dfen Glieder variabel zu tragen. Durch liebevolle Handarbeit gefertigt ist dies ein Unikat. F\u00fcr jeden Anlass [&hellip;]<\/p>\n","protected":false},"featured_media":653,"comment_status":"open","ping_status":"closed","template":"","meta":[],"product_brand":[],"product_cat":[44],"product_tag":[67,69,68,53,57,59,66,51,64,54,63,55,65],"class_list":{"0":"post-74","1":"product","2":"type-product","3":"status-publish","4":"has-post-thumbnail","6":"product_cat-schmuck-sets","7":"product_tag-amethyst","8":"product_tag-edelstahlkette","9":"product_tag-geburtstag","10":"product_tag-geschenkidee","11":"product_tag-halskette-mit-ohrringen","12":"product_tag-handmade","13":"product_tag-herz","14":"product_tag-karabiner","15":"product_tag-lila","16":"product_tag-muttertag","17":"product_tag-schmuckset","18":"product_tag-valentinstag","19":"product_tag-violett","20":"product_shipping_class-s","22":"first","23":"instock","24":"sold-individually","25":"taxable","26":"shipping-taxable","27":"purchasable","28":"product-type-simple"},"yoast_head":"<!-- This site is optimized with the Yoast SEO plugin v27.4 - https:\/\/yoast.com\/product\/yoast-seo-wordpress\/ -->\n<title>Schmuckset mit Amethystperlen und Glasherzen - Kazzerls handmade<\/title>\n<meta name=\"description\" content=\"Schmuckset bestehend aus Halskette und Ohrringen, handgefertigtes Unikat, hergestellt mit Perlen aus Amethyst und gleichfarbenen Glasherzen, Edelstahl\" \/>\n<meta name=\"robots\" content=\"index, follow, max-snippet:-1, max-image-preview:large, max-video-preview:-1\" \/>\n<link rel=\"canonical\" href=\"https:\/\/www.kazzerl.net\/kazzerls\/produkt\/schmuckset-mit-amethystperlen-und-glasherzen\/\" \/>\n<meta property=\"og:locale\" content=\"de_DE\" \/>\n<meta property=\"og:type\" content=\"article\" \/>\n<meta property=\"og:title\" content=\"Schmuckset mit Amethystperlen und Glasherzen - Kazzerls handmade\" \/>\n<meta property=\"og:description\" content=\"Schmuckset bestehend aus Halskette und Ohrringen, handgefertigtes Unikat, hergestellt mit Perlen aus Amethyst und gleichfarbenen Glasherzen, Edelstahl\" \/>\n<meta property=\"og:url\" content=\"https:\/\/www.kazzerl.net\/kazzerls\/produkt\/schmuckset-mit-amethystperlen-und-glasherzen\/\" \/>\n<meta property=\"og:site_name\" content=\"Kazzerls handmade\" \/>\n<meta property=\"article:modified_time\" content=\"2025-12-19T09:04:03+00:00\" \/>\n<meta property=\"og:image\" content=\"https:\/\/www.kazzerl.net\/kazzerls\/wp-content\/uploads\/2023\/09\/IMG_3698.jpg\" \/>\n\t<meta property=\"og:image:width\" content=\"1200\" \/>\n\t<meta property=\"og:image:height\" content=\"1800\" \/>\n\t<meta property=\"og:image:type\" content=\"image\/jpeg\" \/>\n<meta name=\"twitter:card\" content=\"summary_large_image\" \/>\n<meta name=\"twitter:label1\" content=\"Gesch\u00e4tzte Lesezeit\" \/>\n\t<meta name=\"twitter:data1\" content=\"2\u00a0Minuten\" \/>\n<script type=\"application\/ld+json\" class=\"yoast-schema-graph\">{\"@context\":\"https:\\\/\\\/schema.org\",\"@graph\":[{\"@type\":\"WebPage\",\"@id\":\"https:\\\/\\\/www.kazzerl.net\\\/kazzerls\\\/produkt\\\/schmuckset-mit-amethystperlen-und-glasherzen\\\/\",\"url\":\"https:\\\/\\\/www.kazzerl.net\\\/kazzerls\\\/produkt\\\/schmuckset-mit-amethystperlen-und-glasherzen\\\/\",\"name\":\"Schmuckset mit Amethystperlen und Glasherzen - Kazzerls handmade\",\"isPartOf\":{\"@id\":\"https:\\\/\\\/www.kazzerl.net\\\/kazzerls\\\/#website\"},\"primaryImageOfPage\":{\"@id\":\"https:\\\/\\\/www.kazzerl.net\\\/kazzerls\\\/produkt\\\/schmuckset-mit-amethystperlen-und-glasherzen\\\/#primaryimage\"},\"image\":{\"@id\":\"https:\\\/\\\/www.kazzerl.net\\\/kazzerls\\\/produkt\\\/schmuckset-mit-amethystperlen-und-glasherzen\\\/#primaryimage\"},\"thumbnailUrl\":\"https:\\\/\\\/www.kazzerl.net\\\/kazzerls\\\/wp-content\\\/uploads\\\/2023\\\/09\\\/IMG_3698.jpg\",\"datePublished\":\"2023-05-18T17:36:42+00:00\",\"dateModified\":\"2025-12-19T09:04:03+00:00\",\"description\":\"Schmuckset bestehend aus Halskette und Ohrringen, handgefertigtes Unikat, hergestellt mit Perlen aus Amethyst und gleichfarbenen Glasherzen, Edelstahl\",\"breadcrumb\":{\"@id\":\"https:\\\/\\\/www.kazzerl.net\\\/kazzerls\\\/produkt\\\/schmuckset-mit-amethystperlen-und-glasherzen\\\/#breadcrumb\"},\"inLanguage\":\"de\",\"potentialAction\":[{\"@type\":\"ReadAction\",\"target\":[\"https:\\\/\\\/www.kazzerl.net\\\/kazzerls\\\/produkt\\\/schmuckset-mit-amethystperlen-und-glasherzen\\\/\"]}]},{\"@type\":\"ImageObject\",\"inLanguage\":\"de\",\"@id\":\"https:\\\/\\\/www.kazzerl.net\\\/kazzerls\\\/produkt\\\/schmuckset-mit-amethystperlen-und-glasherzen\\\/#primaryimage\",\"url\":\"https:\\\/\\\/www.kazzerl.net\\\/kazzerls\\\/wp-content\\\/uploads\\\/2023\\\/09\\\/IMG_3698.jpg\",\"contentUrl\":\"https:\\\/\\\/www.kazzerl.net\\\/kazzerls\\\/wp-content\\\/uploads\\\/2023\\\/09\\\/IMG_3698.jpg\",\"width\":1200,\"height\":1800},{\"@type\":\"BreadcrumbList\",\"@id\":\"https:\\\/\\\/www.kazzerl.net\\\/kazzerls\\\/produkt\\\/schmuckset-mit-amethystperlen-und-glasherzen\\\/#breadcrumb\",\"itemListElement\":[{\"@type\":\"ListItem\",\"position\":1,\"name\":\"Startseite\",\"item\":\"https:\\\/\\\/www.kazzerl.net\\\/kazzerls\\\/\"},{\"@type\":\"ListItem\",\"position\":2,\"name\":\"Shop f\u00fcr handgemachte Geschenke und Dekorationen\",\"item\":\"https:\\\/\\\/www.kazzerl.net\\\/kazzerls\\\/\"},{\"@type\":\"ListItem\",\"position\":3,\"name\":\"Schmuckset mit Amethystperlen und Glasherzen\"}]},{\"@type\":\"WebSite\",\"@id\":\"https:\\\/\\\/www.kazzerl.net\\\/kazzerls\\\/#website\",\"url\":\"https:\\\/\\\/www.kazzerl.net\\\/kazzerls\\\/\",\"name\":\"Kazzerls handmade\",\"description\":\"Handgemachtes aus Holz, Epoxid, Wachs und vieles mehr!\",\"publisher\":{\"@id\":\"https:\\\/\\\/www.kazzerl.net\\\/kazzerls\\\/#organization\"},\"potentialAction\":[{\"@type\":\"SearchAction\",\"target\":{\"@type\":\"EntryPoint\",\"urlTemplate\":\"https:\\\/\\\/www.kazzerl.net\\\/kazzerls\\\/?s={search_term_string}\"},\"query-input\":{\"@type\":\"PropertyValueSpecification\",\"valueRequired\":true,\"valueName\":\"search_term_string\"}}],\"inLanguage\":\"de\"},{\"@type\":\"Organization\",\"@id\":\"https:\\\/\\\/www.kazzerl.net\\\/kazzerls\\\/#organization\",\"name\":\"Kazzerls handmade\",\"url\":\"https:\\\/\\\/www.kazzerl.net\\\/kazzerls\\\/\",\"logo\":{\"@type\":\"ImageObject\",\"inLanguage\":\"de\",\"@id\":\"https:\\\/\\\/www.kazzerl.net\\\/kazzerls\\\/#\\\/schema\\\/logo\\\/image\\\/\",\"url\":\"https:\\\/\\\/www.kazzerl.net\\\/kazzerls\\\/wp-content\\\/uploads\\\/2025\\\/07\\\/cropped-schwaKatz.png\",\"contentUrl\":\"https:\\\/\\\/www.kazzerl.net\\\/kazzerls\\\/wp-content\\\/uploads\\\/2025\\\/07\\\/cropped-schwaKatz.png\",\"width\":512,\"height\":512,\"caption\":\"Kazzerls handmade\"},\"image\":{\"@id\":\"https:\\\/\\\/www.kazzerl.net\\\/kazzerls\\\/#\\\/schema\\\/logo\\\/image\\\/\"},\"sameAs\":[\"https:\\\/\\\/www.instagram.com\\\/kazzerls\\\/\"]}]}<\/script>\n<!-- \/ Yoast SEO plugin. -->","yoast_head_json":{"title":"Schmuckset mit Amethystperlen und Glasherzen - Kazzerls handmade","description":"Schmuckset bestehend aus Halskette und Ohrringen, handgefertigtes Unikat, hergestellt mit Perlen aus Amethyst und gleichfarbenen Glasherzen, Edelstahl","robots":{"index":"index","follow":"follow","max-snippet":"max-snippet:-1","max-image-preview":"max-image-preview:large","max-video-preview":"max-video-preview:-1"},"canonical":"https:\/\/www.kazzerl.net\/kazzerls\/produkt\/schmuckset-mit-amethystperlen-und-glasherzen\/","og_locale":"de_DE","og_type":"article","og_title":"Schmuckset mit Amethystperlen und Glasherzen - Kazzerls handmade","og_description":"Schmuckset bestehend aus Halskette und Ohrringen, handgefertigtes Unikat, hergestellt mit Perlen aus Amethyst und gleichfarbenen Glasherzen, Edelstahl","og_url":"https:\/\/www.kazzerl.net\/kazzerls\/produkt\/schmuckset-mit-amethystperlen-und-glasherzen\/","og_site_name":"Kazzerls handmade","article_modified_time":"2025-12-19T09:04:03+00:00","og_image":[{"width":1200,"height":1800,"url":"https:\/\/www.kazzerl.net\/kazzerls\/wp-content\/uploads\/2023\/09\/IMG_3698.jpg","type":"image\/jpeg"}],"twitter_card":"summary_large_image","twitter_misc":{"Gesch\u00e4tzte Lesezeit":"2\u00a0Minuten"},"schema":{"@context":"https:\/\/schema.org","@graph":[{"@type":"WebPage","@id":"https:\/\/www.kazzerl.net\/kazzerls\/produkt\/schmuckset-mit-amethystperlen-und-glasherzen\/","url":"https:\/\/www.kazzerl.net\/kazzerls\/produkt\/schmuckset-mit-amethystperlen-und-glasherzen\/","name":"Schmuckset mit Amethystperlen und Glasherzen - Kazzerls handmade","isPartOf":{"@id":"https:\/\/www.kazzerl.net\/kazzerls\/#website"},"primaryImageOfPage":{"@id":"https:\/\/www.kazzerl.net\/kazzerls\/produkt\/schmuckset-mit-amethystperlen-und-glasherzen\/#primaryimage"},"image":{"@id":"https:\/\/www.kazzerl.net\/kazzerls\/produkt\/schmuckset-mit-amethystperlen-und-glasherzen\/#primaryimage"},"thumbnailUrl":"https:\/\/www.kazzerl.net\/kazzerls\/wp-content\/uploads\/2023\/09\/IMG_3698.jpg","datePublished":"2023-05-18T17:36:42+00:00","dateModified":"2025-12-19T09:04:03+00:00","description":"Schmuckset bestehend aus Halskette und Ohrringen, handgefertigtes Unikat, hergestellt mit Perlen aus Amethyst und gleichfarbenen Glasherzen, Edelstahl","breadcrumb":{"@id":"https:\/\/www.kazzerl.net\/kazzerls\/produkt\/schmuckset-mit-amethystperlen-und-glasherzen\/#breadcrumb"},"inLanguage":"de","potentialAction":[{"@type":"ReadAction","target":["https:\/\/www.kazzerl.net\/kazzerls\/produkt\/schmuckset-mit-amethystperlen-und-glasherzen\/"]}]},{"@type":"ImageObject","inLanguage":"de","@id":"https:\/\/www.kazzerl.net\/kazzerls\/produkt\/schmuckset-mit-amethystperlen-und-glasherzen\/#primaryimage","url":"https:\/\/www.kazzerl.net\/kazzerls\/wp-content\/uploads\/2023\/09\/IMG_3698.jpg","contentUrl":"https:\/\/www.kazzerl.net\/kazzerls\/wp-content\/uploads\/2023\/09\/IMG_3698.jpg","width":1200,"height":1800},{"@type":"BreadcrumbList","@id":"https:\/\/www.kazzerl.net\/kazzerls\/produkt\/schmuckset-mit-amethystperlen-und-glasherzen\/#breadcrumb","itemListElement":[{"@type":"ListItem","position":1,"name":"Startseite","item":"https:\/\/www.kazzerl.net\/kazzerls\/"},{"@type":"ListItem","position":2,"name":"Shop f\u00fcr handgemachte Geschenke und Dekorationen","item":"https:\/\/www.kazzerl.net\/kazzerls\/"},{"@type":"ListItem","position":3,"name":"Schmuckset mit Amethystperlen und Glasherzen"}]},{"@type":"WebSite","@id":"https:\/\/www.kazzerl.net\/kazzerls\/#website","url":"https:\/\/www.kazzerl.net\/kazzerls\/","name":"Kazzerls handmade","description":"Handgemachtes aus Holz, Epoxid, Wachs und vieles mehr!","publisher":{"@id":"https:\/\/www.kazzerl.net\/kazzerls\/#organization"},"potentialAction":[{"@type":"SearchAction","target":{"@type":"EntryPoint","urlTemplate":"https:\/\/www.kazzerl.net\/kazzerls\/?s={search_term_string}"},"query-input":{"@type":"PropertyValueSpecification","valueRequired":true,"valueName":"search_term_string"}}],"inLanguage":"de"},{"@type":"Organization","@id":"https:\/\/www.kazzerl.net\/kazzerls\/#organization","name":"Kazzerls handmade","url":"https:\/\/www.kazzerl.net\/kazzerls\/","logo":{"@type":"ImageObject","inLanguage":"de","@id":"https:\/\/www.kazzerl.net\/kazzerls\/#\/schema\/logo\/image\/","url":"https:\/\/www.kazzerl.net\/kazzerls\/wp-content\/uploads\/2025\/07\/cropped-schwaKatz.png","contentUrl":"https:\/\/www.kazzerl.net\/kazzerls\/wp-content\/uploads\/2025\/07\/cropped-schwaKatz.png","width":512,"height":512,"caption":"Kazzerls handmade"},"image":{"@id":"https:\/\/www.kazzerl.net\/kazzerls\/#\/schema\/logo\/image\/"},"sameAs":["https:\/\/www.instagram.com\/kazzerls\/"]}]}},"_links":{"self":[{"href":"https:\/\/www.kazzerl.net\/kazzerls\/wp-json\/wp\/v2\/product\/74","targetHints":{"allow":["GET"]}}],"collection":[{"href":"https:\/\/www.kazzerl.net\/kazzerls\/wp-json\/wp\/v2\/product"}],"about":[{"href":"https:\/\/www.kazzerl.net\/kazzerls\/wp-json\/wp\/v2\/types\/product"}],"replies":[{"embeddable":true,"href":"https:\/\/www.kazzerl.net\/kazzerls\/wp-json\/wp\/v2\/comments?post=74"}],"wp:featuredmedia":[{"embeddable":true,"href":"https:\/\/www.kazzerl.net\/kazzerls\/wp-json\/wp\/v2\/media\/653"}],"wp:attachment":[{"href":"https:\/\/www.kazzerl.net\/kazzerls\/wp-json\/wp\/v2\/media?parent=74"}],"wp:term":[{"taxonomy":"product_brand","embeddable":true,"href":"https:\/\/www.kazzerl.net\/kazzerls\/wp-json\/wp\/v2\/product_brand?post=74"},{"taxonomy":"product_cat","embeddable":true,"href":"https:\/\/www.kazzerl.net\/kazzerls\/wp-json\/wp\/v2\/product_cat?post=74"},{"taxonomy":"product_tag","embeddable":true,"href":"https:\/\/www.kazzerl.net\/kazzerls\/wp-json\/wp\/v2\/product_tag?post=74"}],"curies":[{"name":"wp","href":"https:\/\/api.w.org\/{rel}","templated":true}]}}