{"id":178,"date":"2023-05-21T17:15:28","date_gmt":"2023-05-21T15:15:28","guid":{"rendered":"https:\/\/www.kazzerl.net\/kazzerls\/?post_type=product&#038;p=178"},"modified":"2026-02-22T07:13:05","modified_gmt":"2026-02-22T06:13:05","slug":"schale-aus-eichenholz","status":"publish","type":"product","link":"https:\/\/www.kazzerl.net\/kazzerls\/produkt\/schale-aus-eichenholz\/","title":{"rendered":"Schale aus Eichenholz Nr. 41"},"content":{"rendered":"<p>Liebevoll gedrechselte Holzschale aus Eichenholz mit ganz toller Maserung und faszinierendem Farbenspiel mit einem Boden au\u00dfen aus Eschenholz.<br \/>\nDie Schale wurde zuerst in Handarbeit vorgedrechselt und dann ebenfalls von Hand sehr fein geschliffen und veredelt mit Hartwachs\u00f6l, sodass die Maserung gut sichtbar wird und das Holz atmungsaktiv bleibt.<br \/>\nDie Veredelung ist lebensmittelecht und f\u00fcr Kinderspielzeug verwendbar.<br \/>\nDie Schale ist nicht Sp\u00fclmaschinenfest. Temperaturschwankungen bitte vermeiden. Bei guter Pflege f\u00fcr Jahrzehnte nutzbar. Reinige die Schale bitte nur mit einem feuchten Tuch.<\/p>\n<p>Da es sich bei Holz um Naturmaterial handelt, besteht die M\u00f6glichkeit von kleinen Einschl\u00fcssen oder Rissen, welche bereits im Holz vorzufinden waren und sind somit nicht als Mangel anzusehen. Da dieser nat\u00fcrliche Rohstoff auch im trockenen Zustand weiter arbeitet kann es zu nachtr\u00e4glichen leichten Form\u00e4nderungen kommen.<br \/>\nHolz ver\u00e4ndert mit der Zeit m\u00f6glicherweise seine Farbe.<br \/>\nDie Sch\u00fcssel ist nummeriert &amp; signiert und ist ein Unikat.<\/p>\n<p>Durchmesser 26,5cm<br \/>\nH\u00f6he 9,5cm<\/p>\n<p>Ein toller Blickfang in jedem Raum und auf jedem Tisch und dient als Dekoschale, Obstschale oder als Geschenkidee.<\/p>\n","protected":false},"excerpt":{"rendered":"<p>Liebevoll gedrechselte Holzschale aus Eichenholz mit ganz toller Maserung und faszinierendem Farbenspiel mit einem Boden au\u00dfen aus Eschenholz. Die Schale wurde zuerst in Handarbeit vorgedrechselt und dann ebenfalls von Hand sehr fein geschliffen und veredelt mit Hartwachs\u00f6l, sodass die Maserung gut sichtbar wird und das Holz atmungsaktiv bleibt. Die Veredelung ist lebensmittelecht und f\u00fcr Kinderspielzeug [&hellip;]<\/p>\n","protected":false},"featured_media":157,"comment_status":"closed","ping_status":"closed","template":"","meta":[],"product_brand":[],"product_cat":[81],"product_tag":[146,168,175,166,78,53,169,77,167,164,173],"class_list":{"0":"post-178","1":"product","2":"type-product","3":"status-publish","4":"has-post-thumbnail","6":"product_cat-schuesseln","7":"product_tag-dekoration","8":"product_tag-drechselkunst","9":"product_tag-eichenholz-schale","10":"product_tag-gedrechselte-schale","11":"product_tag-geschenk","12":"product_tag-geschenkidee","13":"product_tag-handarbeit","14":"product_tag-handgemacht","15":"product_tag-holz","16":"product_tag-holzschuessel","17":"product_tag-snackschale","18":"product_shipping_class-s","20":"first","21":"instock","22":"sold-individually","23":"taxable","24":"shipping-taxable","25":"purchasable","26":"product-type-simple"},"yoast_head":"<!-- This site is optimized with the Yoast SEO plugin v27.4 - https:\/\/yoast.com\/product\/yoast-seo-wordpress\/ -->\n<title>Schale aus Eichenholz Nr. 41 - Kazzerls handmade<\/title>\n<meta name=\"description\" content=\"Liebevoll von Hand gedrechselt Holzschale mit nat\u00fcrlicher Maserung. Als Dekoration oder toller Blickfang am Tisch. F\u00fcr Kleinigkeiten wie Snacks\/ Obst\" \/>\n<meta name=\"robots\" content=\"index, follow, max-snippet:-1, max-image-preview:large, max-video-preview:-1\" \/>\n<link rel=\"canonical\" href=\"https:\/\/www.kazzerl.net\/kazzerls\/produkt\/schale-aus-eichenholz\/\" \/>\n<meta property=\"og:locale\" content=\"de_DE\" \/>\n<meta property=\"og:type\" content=\"article\" \/>\n<meta property=\"og:title\" content=\"Schale aus Eichenholz Nr. 41 - Kazzerls handmade\" \/>\n<meta property=\"og:description\" content=\"Liebevoll von Hand gedrechselt Holzschale mit nat\u00fcrlicher Maserung. Als Dekoration oder toller Blickfang am Tisch. F\u00fcr Kleinigkeiten wie Snacks\/ Obst\" \/>\n<meta property=\"og:url\" content=\"https:\/\/www.kazzerl.net\/kazzerls\/produkt\/schale-aus-eichenholz\/\" \/>\n<meta property=\"og:site_name\" content=\"Kazzerls handmade\" \/>\n<meta property=\"article:modified_time\" content=\"2026-02-22T06:13:05+00:00\" \/>\n<meta property=\"og:image\" content=\"https:\/\/www.kazzerl.net\/kazzerls\/wp-content\/uploads\/2023\/05\/41-EicheEschenpboden-scaled.jpg\" \/>\n\t<meta property=\"og:image:width\" content=\"2560\" \/>\n\t<meta property=\"og:image:height\" content=\"1707\" \/>\n\t<meta property=\"og:image:type\" content=\"image\/jpeg\" \/>\n<meta name=\"twitter:card\" content=\"summary_large_image\" \/>\n<meta name=\"twitter:label1\" content=\"Gesch\u00e4tzte Lesezeit\" \/>\n\t<meta name=\"twitter:data1\" content=\"2\u00a0Minuten\" \/>\n<script type=\"application\/ld+json\" class=\"yoast-schema-graph\">{\"@context\":\"https:\\\/\\\/schema.org\",\"@graph\":[{\"@type\":\"WebPage\",\"@id\":\"https:\\\/\\\/www.kazzerl.net\\\/kazzerls\\\/produkt\\\/schale-aus-eichenholz\\\/\",\"url\":\"https:\\\/\\\/www.kazzerl.net\\\/kazzerls\\\/produkt\\\/schale-aus-eichenholz\\\/\",\"name\":\"Schale aus Eichenholz Nr. 41 - Kazzerls handmade\",\"isPartOf\":{\"@id\":\"https:\\\/\\\/www.kazzerl.net\\\/kazzerls\\\/#website\"},\"primaryImageOfPage\":{\"@id\":\"https:\\\/\\\/www.kazzerl.net\\\/kazzerls\\\/produkt\\\/schale-aus-eichenholz\\\/#primaryimage\"},\"image\":{\"@id\":\"https:\\\/\\\/www.kazzerl.net\\\/kazzerls\\\/produkt\\\/schale-aus-eichenholz\\\/#primaryimage\"},\"thumbnailUrl\":\"https:\\\/\\\/www.kazzerl.net\\\/kazzerls\\\/wp-content\\\/uploads\\\/2023\\\/05\\\/41-EicheEschenpboden-scaled.jpg\",\"datePublished\":\"2023-05-21T15:15:28+00:00\",\"dateModified\":\"2026-02-22T06:13:05+00:00\",\"description\":\"Liebevoll von Hand gedrechselt Holzschale mit nat\u00fcrlicher Maserung. Als Dekoration oder toller Blickfang am Tisch. F\u00fcr Kleinigkeiten wie Snacks\\\/ Obst\",\"breadcrumb\":{\"@id\":\"https:\\\/\\\/www.kazzerl.net\\\/kazzerls\\\/produkt\\\/schale-aus-eichenholz\\\/#breadcrumb\"},\"inLanguage\":\"de\",\"potentialAction\":[{\"@type\":\"ReadAction\",\"target\":[\"https:\\\/\\\/www.kazzerl.net\\\/kazzerls\\\/produkt\\\/schale-aus-eichenholz\\\/\"]}]},{\"@type\":\"ImageObject\",\"inLanguage\":\"de\",\"@id\":\"https:\\\/\\\/www.kazzerl.net\\\/kazzerls\\\/produkt\\\/schale-aus-eichenholz\\\/#primaryimage\",\"url\":\"https:\\\/\\\/www.kazzerl.net\\\/kazzerls\\\/wp-content\\\/uploads\\\/2023\\\/05\\\/41-EicheEschenpboden-scaled.jpg\",\"contentUrl\":\"https:\\\/\\\/www.kazzerl.net\\\/kazzerls\\\/wp-content\\\/uploads\\\/2023\\\/05\\\/41-EicheEschenpboden-scaled.jpg\",\"width\":2560,\"height\":1707},{\"@type\":\"BreadcrumbList\",\"@id\":\"https:\\\/\\\/www.kazzerl.net\\\/kazzerls\\\/produkt\\\/schale-aus-eichenholz\\\/#breadcrumb\",\"itemListElement\":[{\"@type\":\"ListItem\",\"position\":1,\"name\":\"Startseite\",\"item\":\"https:\\\/\\\/www.kazzerl.net\\\/kazzerls\\\/\"},{\"@type\":\"ListItem\",\"position\":2,\"name\":\"Shop f\u00fcr handgemachte Geschenke und Dekorationen\",\"item\":\"https:\\\/\\\/www.kazzerl.net\\\/kazzerls\\\/\"},{\"@type\":\"ListItem\",\"position\":3,\"name\":\"Schale aus Eichenholz Nr. 41\"}]},{\"@type\":\"WebSite\",\"@id\":\"https:\\\/\\\/www.kazzerl.net\\\/kazzerls\\\/#website\",\"url\":\"https:\\\/\\\/www.kazzerl.net\\\/kazzerls\\\/\",\"name\":\"Kazzerls handmade\",\"description\":\"Handgemachtes aus Holz, Epoxid, Wachs und vieles mehr!\",\"publisher\":{\"@id\":\"https:\\\/\\\/www.kazzerl.net\\\/kazzerls\\\/#organization\"},\"potentialAction\":[{\"@type\":\"SearchAction\",\"target\":{\"@type\":\"EntryPoint\",\"urlTemplate\":\"https:\\\/\\\/www.kazzerl.net\\\/kazzerls\\\/?s={search_term_string}\"},\"query-input\":{\"@type\":\"PropertyValueSpecification\",\"valueRequired\":true,\"valueName\":\"search_term_string\"}}],\"inLanguage\":\"de\"},{\"@type\":\"Organization\",\"@id\":\"https:\\\/\\\/www.kazzerl.net\\\/kazzerls\\\/#organization\",\"name\":\"Kazzerls handmade\",\"url\":\"https:\\\/\\\/www.kazzerl.net\\\/kazzerls\\\/\",\"logo\":{\"@type\":\"ImageObject\",\"inLanguage\":\"de\",\"@id\":\"https:\\\/\\\/www.kazzerl.net\\\/kazzerls\\\/#\\\/schema\\\/logo\\\/image\\\/\",\"url\":\"https:\\\/\\\/www.kazzerl.net\\\/kazzerls\\\/wp-content\\\/uploads\\\/2025\\\/07\\\/cropped-schwaKatz.png\",\"contentUrl\":\"https:\\\/\\\/www.kazzerl.net\\\/kazzerls\\\/wp-content\\\/uploads\\\/2025\\\/07\\\/cropped-schwaKatz.png\",\"width\":512,\"height\":512,\"caption\":\"Kazzerls handmade\"},\"image\":{\"@id\":\"https:\\\/\\\/www.kazzerl.net\\\/kazzerls\\\/#\\\/schema\\\/logo\\\/image\\\/\"},\"sameAs\":[\"https:\\\/\\\/www.instagram.com\\\/kazzerls\\\/\"]}]}<\/script>\n<!-- \/ Yoast SEO plugin. -->","yoast_head_json":{"title":"Schale aus Eichenholz Nr. 41 - Kazzerls handmade","description":"Liebevoll von Hand gedrechselt Holzschale mit nat\u00fcrlicher Maserung. Als Dekoration oder toller Blickfang am Tisch. F\u00fcr Kleinigkeiten wie Snacks\/ Obst","robots":{"index":"index","follow":"follow","max-snippet":"max-snippet:-1","max-image-preview":"max-image-preview:large","max-video-preview":"max-video-preview:-1"},"canonical":"https:\/\/www.kazzerl.net\/kazzerls\/produkt\/schale-aus-eichenholz\/","og_locale":"de_DE","og_type":"article","og_title":"Schale aus Eichenholz Nr. 41 - Kazzerls handmade","og_description":"Liebevoll von Hand gedrechselt Holzschale mit nat\u00fcrlicher Maserung. Als Dekoration oder toller Blickfang am Tisch. F\u00fcr Kleinigkeiten wie Snacks\/ Obst","og_url":"https:\/\/www.kazzerl.net\/kazzerls\/produkt\/schale-aus-eichenholz\/","og_site_name":"Kazzerls handmade","article_modified_time":"2026-02-22T06:13:05+00:00","og_image":[{"width":2560,"height":1707,"url":"https:\/\/www.kazzerl.net\/kazzerls\/wp-content\/uploads\/2023\/05\/41-EicheEschenpboden-scaled.jpg","type":"image\/jpeg"}],"twitter_card":"summary_large_image","twitter_misc":{"Gesch\u00e4tzte Lesezeit":"2\u00a0Minuten"},"schema":{"@context":"https:\/\/schema.org","@graph":[{"@type":"WebPage","@id":"https:\/\/www.kazzerl.net\/kazzerls\/produkt\/schale-aus-eichenholz\/","url":"https:\/\/www.kazzerl.net\/kazzerls\/produkt\/schale-aus-eichenholz\/","name":"Schale aus Eichenholz Nr. 41 - Kazzerls handmade","isPartOf":{"@id":"https:\/\/www.kazzerl.net\/kazzerls\/#website"},"primaryImageOfPage":{"@id":"https:\/\/www.kazzerl.net\/kazzerls\/produkt\/schale-aus-eichenholz\/#primaryimage"},"image":{"@id":"https:\/\/www.kazzerl.net\/kazzerls\/produkt\/schale-aus-eichenholz\/#primaryimage"},"thumbnailUrl":"https:\/\/www.kazzerl.net\/kazzerls\/wp-content\/uploads\/2023\/05\/41-EicheEschenpboden-scaled.jpg","datePublished":"2023-05-21T15:15:28+00:00","dateModified":"2026-02-22T06:13:05+00:00","description":"Liebevoll von Hand gedrechselt Holzschale mit nat\u00fcrlicher Maserung. Als Dekoration oder toller Blickfang am Tisch. F\u00fcr Kleinigkeiten wie Snacks\/ Obst","breadcrumb":{"@id":"https:\/\/www.kazzerl.net\/kazzerls\/produkt\/schale-aus-eichenholz\/#breadcrumb"},"inLanguage":"de","potentialAction":[{"@type":"ReadAction","target":["https:\/\/www.kazzerl.net\/kazzerls\/produkt\/schale-aus-eichenholz\/"]}]},{"@type":"ImageObject","inLanguage":"de","@id":"https:\/\/www.kazzerl.net\/kazzerls\/produkt\/schale-aus-eichenholz\/#primaryimage","url":"https:\/\/www.kazzerl.net\/kazzerls\/wp-content\/uploads\/2023\/05\/41-EicheEschenpboden-scaled.jpg","contentUrl":"https:\/\/www.kazzerl.net\/kazzerls\/wp-content\/uploads\/2023\/05\/41-EicheEschenpboden-scaled.jpg","width":2560,"height":1707},{"@type":"BreadcrumbList","@id":"https:\/\/www.kazzerl.net\/kazzerls\/produkt\/schale-aus-eichenholz\/#breadcrumb","itemListElement":[{"@type":"ListItem","position":1,"name":"Startseite","item":"https:\/\/www.kazzerl.net\/kazzerls\/"},{"@type":"ListItem","position":2,"name":"Shop f\u00fcr handgemachte Geschenke und Dekorationen","item":"https:\/\/www.kazzerl.net\/kazzerls\/"},{"@type":"ListItem","position":3,"name":"Schale aus Eichenholz Nr. 41"}]},{"@type":"WebSite","@id":"https:\/\/www.kazzerl.net\/kazzerls\/#website","url":"https:\/\/www.kazzerl.net\/kazzerls\/","name":"Kazzerls handmade","description":"Handgemachtes aus Holz, Epoxid, Wachs und vieles mehr!","publisher":{"@id":"https:\/\/www.kazzerl.net\/kazzerls\/#organization"},"potentialAction":[{"@type":"SearchAction","target":{"@type":"EntryPoint","urlTemplate":"https:\/\/www.kazzerl.net\/kazzerls\/?s={search_term_string}"},"query-input":{"@type":"PropertyValueSpecification","valueRequired":true,"valueName":"search_term_string"}}],"inLanguage":"de"},{"@type":"Organization","@id":"https:\/\/www.kazzerl.net\/kazzerls\/#organization","name":"Kazzerls handmade","url":"https:\/\/www.kazzerl.net\/kazzerls\/","logo":{"@type":"ImageObject","inLanguage":"de","@id":"https:\/\/www.kazzerl.net\/kazzerls\/#\/schema\/logo\/image\/","url":"https:\/\/www.kazzerl.net\/kazzerls\/wp-content\/uploads\/2025\/07\/cropped-schwaKatz.png","contentUrl":"https:\/\/www.kazzerl.net\/kazzerls\/wp-content\/uploads\/2025\/07\/cropped-schwaKatz.png","width":512,"height":512,"caption":"Kazzerls handmade"},"image":{"@id":"https:\/\/www.kazzerl.net\/kazzerls\/#\/schema\/logo\/image\/"},"sameAs":["https:\/\/www.instagram.com\/kazzerls\/"]}]}},"_links":{"self":[{"href":"https:\/\/www.kazzerl.net\/kazzerls\/wp-json\/wp\/v2\/product\/178","targetHints":{"allow":["GET"]}}],"collection":[{"href":"https:\/\/www.kazzerl.net\/kazzerls\/wp-json\/wp\/v2\/product"}],"about":[{"href":"https:\/\/www.kazzerl.net\/kazzerls\/wp-json\/wp\/v2\/types\/product"}],"replies":[{"embeddable":true,"href":"https:\/\/www.kazzerl.net\/kazzerls\/wp-json\/wp\/v2\/comments?post=178"}],"wp:featuredmedia":[{"embeddable":true,"href":"https:\/\/www.kazzerl.net\/kazzerls\/wp-json\/wp\/v2\/media\/157"}],"wp:attachment":[{"href":"https:\/\/www.kazzerl.net\/kazzerls\/wp-json\/wp\/v2\/media?parent=178"}],"wp:term":[{"taxonomy":"product_brand","embeddable":true,"href":"https:\/\/www.kazzerl.net\/kazzerls\/wp-json\/wp\/v2\/product_brand?post=178"},{"taxonomy":"product_cat","embeddable":true,"href":"https:\/\/www.kazzerl.net\/kazzerls\/wp-json\/wp\/v2\/product_cat?post=178"},{"taxonomy":"product_tag","embeddable":true,"href":"https:\/\/www.kazzerl.net\/kazzerls\/wp-json\/wp\/v2\/product_tag?post=178"}],"curies":[{"name":"wp","href":"https:\/\/api.w.org\/{rel}","templated":true}]}}