{"id":1262,"date":"2025-09-14T18:49:35","date_gmt":"2025-09-14T16:49:35","guid":{"rendered":"https:\/\/www.kazzerl.net\/kazzerls\/?post_type=product&#038;p=1262"},"modified":"2025-09-16T14:03:33","modified_gmt":"2025-09-16T12:03:33","slug":"set-motivkerzen-weihnachten-bienenwachs","status":"publish","type":"product","link":"https:\/\/www.kazzerl.net\/kazzerls\/produkt\/set-motivkerzen-weihnachten-bienenwachs\/","title":{"rendered":"Set Motivkerzen Weihnachten Bienenwachs"},"content":{"rendered":"<p>4 St\u00fcck<br \/>\nDurchmesser ca. 5cm<br \/>\nH\u00f6he ca. 6cm<\/p>\n<p>hergestellt aus echtem Bienenwachs<\/p>\n<p>Bienenwachs ist ein von Honigbienen abgesondertes Wachs, das von ihnen zum Bau der Bienenwaben genutzt wird.<br \/>\nDie von den Honigbienen aus Wachsdr\u00fcsen ausgeschwitzten Wachspl\u00e4ttchen haben urspr\u00fcnglich eine wei\u00dfe Farbe. Die gelbe F\u00e4rbung entsteht durch die Aufnahme des Pollen\u00f6ls als Inhaltsstoff des Bl\u00fctenpollens, das wiederum den Naturfarbstoff Carotin enth\u00e4lt.<br \/>\nWenn Bienenwachs wei\u00dfe Stellen aufweist ist das kein Schimmel, sondern zeigt die Echtheit.<\/p>\n","protected":false},"excerpt":{"rendered":"<p>4 St\u00fcck Durchmesser ca. 5cm H\u00f6he ca. 6cm hergestellt aus echtem Bienenwachs Bienenwachs ist ein von Honigbienen abgesondertes Wachs, das von ihnen zum Bau der Bienenwaben genutzt wird. Die von den Honigbienen aus Wachsdr\u00fcsen ausgeschwitzten Wachspl\u00e4ttchen haben urspr\u00fcnglich eine wei\u00dfe Farbe. Die gelbe F\u00e4rbung entsteht durch die Aufnahme des Pollen\u00f6ls als Inhaltsstoff des Bl\u00fctenpollens, das [&hellip;]<\/p>\n","protected":false},"featured_media":1144,"comment_status":"closed","ping_status":"closed","template":"","meta":[],"product_brand":[],"product_cat":[149],"product_tag":[146,199,78,59,144,147],"class_list":{"0":"post-1262","1":"product","2":"type-product","3":"status-publish","4":"has-post-thumbnail","6":"product_cat-kerzen-sets","7":"product_tag-dekoration","8":"product_tag-echtes-bienenwachs","9":"product_tag-geschenk","10":"product_tag-handmade","11":"product_tag-kerzen","12":"product_tag-romantischer-stimmungsgeber","13":"product_shipping_class-s","15":"first","16":"instock","17":"sold-individually","18":"taxable","19":"shipping-taxable","20":"purchasable","21":"product-type-simple"},"yoast_head":"<!-- This site is optimized with the Yoast SEO plugin v27.4 - https:\/\/yoast.com\/product\/yoast-seo-wordpress\/ -->\n<title>Set Motivkerzen Weihnachten Bienenwachs - Kazzerls handmade<\/title>\n<meta name=\"robots\" content=\"index, follow, max-snippet:-1, max-image-preview:large, max-video-preview:-1\" \/>\n<link rel=\"canonical\" href=\"https:\/\/www.kazzerl.net\/kazzerls\/produkt\/set-motivkerzen-weihnachten-bienenwachs\/\" \/>\n<meta property=\"og:locale\" content=\"de_DE\" \/>\n<meta property=\"og:type\" content=\"article\" \/>\n<meta property=\"og:title\" content=\"Set Motivkerzen Weihnachten Bienenwachs - Kazzerls handmade\" \/>\n<meta property=\"og:description\" content=\"4 St\u00fcck Durchmesser ca. 5cm H\u00f6he ca. 6cm hergestellt aus echtem Bienenwachs Bienenwachs ist ein von Honigbienen abgesondertes Wachs, das von ihnen zum Bau der Bienenwaben genutzt wird. Die von den Honigbienen aus Wachsdr\u00fcsen ausgeschwitzten Wachspl\u00e4ttchen haben urspr\u00fcnglich eine wei\u00dfe Farbe. Die gelbe F\u00e4rbung entsteht durch die Aufnahme des Pollen\u00f6ls als Inhaltsstoff des Bl\u00fctenpollens, das [&hellip;]\" \/>\n<meta property=\"og:url\" content=\"https:\/\/www.kazzerl.net\/kazzerls\/produkt\/set-motivkerzen-weihnachten-bienenwachs\/\" \/>\n<meta property=\"og:site_name\" content=\"Kazzerls handmade\" \/>\n<meta property=\"article:modified_time\" content=\"2025-09-16T12:03:33+00:00\" \/>\n<meta property=\"og:image\" content=\"https:\/\/www.kazzerl.net\/kazzerls\/wp-content\/uploads\/2025\/09\/20250910_103600.jpg\" \/>\n\t<meta property=\"og:image:width\" content=\"2400\" \/>\n\t<meta property=\"og:image:height\" content=\"1351\" \/>\n\t<meta property=\"og:image:type\" content=\"image\/jpeg\" \/>\n<meta name=\"twitter:card\" content=\"summary_large_image\" \/>\n<script type=\"application\/ld+json\" class=\"yoast-schema-graph\">{\"@context\":\"https:\\\/\\\/schema.org\",\"@graph\":[{\"@type\":\"WebPage\",\"@id\":\"https:\\\/\\\/www.kazzerl.net\\\/kazzerls\\\/produkt\\\/set-motivkerzen-weihnachten-bienenwachs\\\/\",\"url\":\"https:\\\/\\\/www.kazzerl.net\\\/kazzerls\\\/produkt\\\/set-motivkerzen-weihnachten-bienenwachs\\\/\",\"name\":\"Set Motivkerzen Weihnachten Bienenwachs - Kazzerls handmade\",\"isPartOf\":{\"@id\":\"https:\\\/\\\/www.kazzerl.net\\\/kazzerls\\\/#website\"},\"primaryImageOfPage\":{\"@id\":\"https:\\\/\\\/www.kazzerl.net\\\/kazzerls\\\/produkt\\\/set-motivkerzen-weihnachten-bienenwachs\\\/#primaryimage\"},\"image\":{\"@id\":\"https:\\\/\\\/www.kazzerl.net\\\/kazzerls\\\/produkt\\\/set-motivkerzen-weihnachten-bienenwachs\\\/#primaryimage\"},\"thumbnailUrl\":\"https:\\\/\\\/www.kazzerl.net\\\/kazzerls\\\/wp-content\\\/uploads\\\/2025\\\/09\\\/20250910_103600.jpg\",\"datePublished\":\"2025-09-14T16:49:35+00:00\",\"dateModified\":\"2025-09-16T12:03:33+00:00\",\"breadcrumb\":{\"@id\":\"https:\\\/\\\/www.kazzerl.net\\\/kazzerls\\\/produkt\\\/set-motivkerzen-weihnachten-bienenwachs\\\/#breadcrumb\"},\"inLanguage\":\"de\",\"potentialAction\":[{\"@type\":\"ReadAction\",\"target\":[\"https:\\\/\\\/www.kazzerl.net\\\/kazzerls\\\/produkt\\\/set-motivkerzen-weihnachten-bienenwachs\\\/\"]}]},{\"@type\":\"ImageObject\",\"inLanguage\":\"de\",\"@id\":\"https:\\\/\\\/www.kazzerl.net\\\/kazzerls\\\/produkt\\\/set-motivkerzen-weihnachten-bienenwachs\\\/#primaryimage\",\"url\":\"https:\\\/\\\/www.kazzerl.net\\\/kazzerls\\\/wp-content\\\/uploads\\\/2025\\\/09\\\/20250910_103600.jpg\",\"contentUrl\":\"https:\\\/\\\/www.kazzerl.net\\\/kazzerls\\\/wp-content\\\/uploads\\\/2025\\\/09\\\/20250910_103600.jpg\",\"width\":2400,\"height\":1351},{\"@type\":\"BreadcrumbList\",\"@id\":\"https:\\\/\\\/www.kazzerl.net\\\/kazzerls\\\/produkt\\\/set-motivkerzen-weihnachten-bienenwachs\\\/#breadcrumb\",\"itemListElement\":[{\"@type\":\"ListItem\",\"position\":1,\"name\":\"Startseite\",\"item\":\"https:\\\/\\\/www.kazzerl.net\\\/kazzerls\\\/\"},{\"@type\":\"ListItem\",\"position\":2,\"name\":\"Shop f\u00fcr handgemachte Geschenke und Dekorationen\",\"item\":\"https:\\\/\\\/www.kazzerl.net\\\/kazzerls\\\/\"},{\"@type\":\"ListItem\",\"position\":3,\"name\":\"Set Motivkerzen Weihnachten Bienenwachs\"}]},{\"@type\":\"WebSite\",\"@id\":\"https:\\\/\\\/www.kazzerl.net\\\/kazzerls\\\/#website\",\"url\":\"https:\\\/\\\/www.kazzerl.net\\\/kazzerls\\\/\",\"name\":\"Kazzerls handmade\",\"description\":\"Handgemachtes aus Holz, Epoxid, Wachs und vieles mehr!\",\"publisher\":{\"@id\":\"https:\\\/\\\/www.kazzerl.net\\\/kazzerls\\\/#organization\"},\"potentialAction\":[{\"@type\":\"SearchAction\",\"target\":{\"@type\":\"EntryPoint\",\"urlTemplate\":\"https:\\\/\\\/www.kazzerl.net\\\/kazzerls\\\/?s={search_term_string}\"},\"query-input\":{\"@type\":\"PropertyValueSpecification\",\"valueRequired\":true,\"valueName\":\"search_term_string\"}}],\"inLanguage\":\"de\"},{\"@type\":\"Organization\",\"@id\":\"https:\\\/\\\/www.kazzerl.net\\\/kazzerls\\\/#organization\",\"name\":\"Kazzerls handmade\",\"url\":\"https:\\\/\\\/www.kazzerl.net\\\/kazzerls\\\/\",\"logo\":{\"@type\":\"ImageObject\",\"inLanguage\":\"de\",\"@id\":\"https:\\\/\\\/www.kazzerl.net\\\/kazzerls\\\/#\\\/schema\\\/logo\\\/image\\\/\",\"url\":\"https:\\\/\\\/www.kazzerl.net\\\/kazzerls\\\/wp-content\\\/uploads\\\/2025\\\/07\\\/cropped-schwaKatz.png\",\"contentUrl\":\"https:\\\/\\\/www.kazzerl.net\\\/kazzerls\\\/wp-content\\\/uploads\\\/2025\\\/07\\\/cropped-schwaKatz.png\",\"width\":512,\"height\":512,\"caption\":\"Kazzerls handmade\"},\"image\":{\"@id\":\"https:\\\/\\\/www.kazzerl.net\\\/kazzerls\\\/#\\\/schema\\\/logo\\\/image\\\/\"},\"sameAs\":[\"https:\\\/\\\/www.instagram.com\\\/kazzerls\\\/\"]}]}<\/script>\n<!-- \/ Yoast SEO plugin. -->","yoast_head_json":{"title":"Set Motivkerzen Weihnachten Bienenwachs - Kazzerls handmade","robots":{"index":"index","follow":"follow","max-snippet":"max-snippet:-1","max-image-preview":"max-image-preview:large","max-video-preview":"max-video-preview:-1"},"canonical":"https:\/\/www.kazzerl.net\/kazzerls\/produkt\/set-motivkerzen-weihnachten-bienenwachs\/","og_locale":"de_DE","og_type":"article","og_title":"Set Motivkerzen Weihnachten Bienenwachs - Kazzerls handmade","og_description":"4 St\u00fcck Durchmesser ca. 5cm H\u00f6he ca. 6cm hergestellt aus echtem Bienenwachs Bienenwachs ist ein von Honigbienen abgesondertes Wachs, das von ihnen zum Bau der Bienenwaben genutzt wird. Die von den Honigbienen aus Wachsdr\u00fcsen ausgeschwitzten Wachspl\u00e4ttchen haben urspr\u00fcnglich eine wei\u00dfe Farbe. Die gelbe F\u00e4rbung entsteht durch die Aufnahme des Pollen\u00f6ls als Inhaltsstoff des Bl\u00fctenpollens, das [&hellip;]","og_url":"https:\/\/www.kazzerl.net\/kazzerls\/produkt\/set-motivkerzen-weihnachten-bienenwachs\/","og_site_name":"Kazzerls handmade","article_modified_time":"2025-09-16T12:03:33+00:00","og_image":[{"width":2400,"height":1351,"url":"https:\/\/www.kazzerl.net\/kazzerls\/wp-content\/uploads\/2025\/09\/20250910_103600.jpg","type":"image\/jpeg"}],"twitter_card":"summary_large_image","schema":{"@context":"https:\/\/schema.org","@graph":[{"@type":"WebPage","@id":"https:\/\/www.kazzerl.net\/kazzerls\/produkt\/set-motivkerzen-weihnachten-bienenwachs\/","url":"https:\/\/www.kazzerl.net\/kazzerls\/produkt\/set-motivkerzen-weihnachten-bienenwachs\/","name":"Set Motivkerzen Weihnachten Bienenwachs - Kazzerls handmade","isPartOf":{"@id":"https:\/\/www.kazzerl.net\/kazzerls\/#website"},"primaryImageOfPage":{"@id":"https:\/\/www.kazzerl.net\/kazzerls\/produkt\/set-motivkerzen-weihnachten-bienenwachs\/#primaryimage"},"image":{"@id":"https:\/\/www.kazzerl.net\/kazzerls\/produkt\/set-motivkerzen-weihnachten-bienenwachs\/#primaryimage"},"thumbnailUrl":"https:\/\/www.kazzerl.net\/kazzerls\/wp-content\/uploads\/2025\/09\/20250910_103600.jpg","datePublished":"2025-09-14T16:49:35+00:00","dateModified":"2025-09-16T12:03:33+00:00","breadcrumb":{"@id":"https:\/\/www.kazzerl.net\/kazzerls\/produkt\/set-motivkerzen-weihnachten-bienenwachs\/#breadcrumb"},"inLanguage":"de","potentialAction":[{"@type":"ReadAction","target":["https:\/\/www.kazzerl.net\/kazzerls\/produkt\/set-motivkerzen-weihnachten-bienenwachs\/"]}]},{"@type":"ImageObject","inLanguage":"de","@id":"https:\/\/www.kazzerl.net\/kazzerls\/produkt\/set-motivkerzen-weihnachten-bienenwachs\/#primaryimage","url":"https:\/\/www.kazzerl.net\/kazzerls\/wp-content\/uploads\/2025\/09\/20250910_103600.jpg","contentUrl":"https:\/\/www.kazzerl.net\/kazzerls\/wp-content\/uploads\/2025\/09\/20250910_103600.jpg","width":2400,"height":1351},{"@type":"BreadcrumbList","@id":"https:\/\/www.kazzerl.net\/kazzerls\/produkt\/set-motivkerzen-weihnachten-bienenwachs\/#breadcrumb","itemListElement":[{"@type":"ListItem","position":1,"name":"Startseite","item":"https:\/\/www.kazzerl.net\/kazzerls\/"},{"@type":"ListItem","position":2,"name":"Shop f\u00fcr handgemachte Geschenke und Dekorationen","item":"https:\/\/www.kazzerl.net\/kazzerls\/"},{"@type":"ListItem","position":3,"name":"Set Motivkerzen Weihnachten Bienenwachs"}]},{"@type":"WebSite","@id":"https:\/\/www.kazzerl.net\/kazzerls\/#website","url":"https:\/\/www.kazzerl.net\/kazzerls\/","name":"Kazzerls handmade","description":"Handgemachtes aus Holz, Epoxid, Wachs und vieles mehr!","publisher":{"@id":"https:\/\/www.kazzerl.net\/kazzerls\/#organization"},"potentialAction":[{"@type":"SearchAction","target":{"@type":"EntryPoint","urlTemplate":"https:\/\/www.kazzerl.net\/kazzerls\/?s={search_term_string}"},"query-input":{"@type":"PropertyValueSpecification","valueRequired":true,"valueName":"search_term_string"}}],"inLanguage":"de"},{"@type":"Organization","@id":"https:\/\/www.kazzerl.net\/kazzerls\/#organization","name":"Kazzerls handmade","url":"https:\/\/www.kazzerl.net\/kazzerls\/","logo":{"@type":"ImageObject","inLanguage":"de","@id":"https:\/\/www.kazzerl.net\/kazzerls\/#\/schema\/logo\/image\/","url":"https:\/\/www.kazzerl.net\/kazzerls\/wp-content\/uploads\/2025\/07\/cropped-schwaKatz.png","contentUrl":"https:\/\/www.kazzerl.net\/kazzerls\/wp-content\/uploads\/2025\/07\/cropped-schwaKatz.png","width":512,"height":512,"caption":"Kazzerls handmade"},"image":{"@id":"https:\/\/www.kazzerl.net\/kazzerls\/#\/schema\/logo\/image\/"},"sameAs":["https:\/\/www.instagram.com\/kazzerls\/"]}]}},"_links":{"self":[{"href":"https:\/\/www.kazzerl.net\/kazzerls\/wp-json\/wp\/v2\/product\/1262","targetHints":{"allow":["GET"]}}],"collection":[{"href":"https:\/\/www.kazzerl.net\/kazzerls\/wp-json\/wp\/v2\/product"}],"about":[{"href":"https:\/\/www.kazzerl.net\/kazzerls\/wp-json\/wp\/v2\/types\/product"}],"replies":[{"embeddable":true,"href":"https:\/\/www.kazzerl.net\/kazzerls\/wp-json\/wp\/v2\/comments?post=1262"}],"wp:featuredmedia":[{"embeddable":true,"href":"https:\/\/www.kazzerl.net\/kazzerls\/wp-json\/wp\/v2\/media\/1144"}],"wp:attachment":[{"href":"https:\/\/www.kazzerl.net\/kazzerls\/wp-json\/wp\/v2\/media?parent=1262"}],"wp:term":[{"taxonomy":"product_brand","embeddable":true,"href":"https:\/\/www.kazzerl.net\/kazzerls\/wp-json\/wp\/v2\/product_brand?post=1262"},{"taxonomy":"product_cat","embeddable":true,"href":"https:\/\/www.kazzerl.net\/kazzerls\/wp-json\/wp\/v2\/product_cat?post=1262"},{"taxonomy":"product_tag","embeddable":true,"href":"https:\/\/www.kazzerl.net\/kazzerls\/wp-json\/wp\/v2\/product_tag?post=1262"}],"curies":[{"name":"wp","href":"https:\/\/api.w.org\/{rel}","templated":true}]}}